 3340 a multiple of 167?
True
Is 1102 even?
True
Is 6567 a multiple of 11?
True
Is 8 a factor of 418?
False
Is 18 a factor of 3654?
True
Is 354 a multiple of 2?
True
Does 129 divide 751?
False
Does 55 divide 99495?
True
Is 2081 a multiple of 5?
False
Is 32 a factor of 7578?
False
Is 1890 a multiple of 6?
True
Is 3 a factor of 75?
True
Is 50 a factor of 15680?
False
Is 26556 a multiple of 85?
False
Is 1079 a multiple of 5?
False
Is 157 even?
False
Does 57 divide 328?
False
Is 26311 a multiple of 83?
True
Does 14 divide 266?
True
Does 8 divide 31668?
False
Is 19 a factor of 4401?
False
Is 30 a factor of 274?
False
Is 8 a factor of 476?
False
Does 65 divide 585?
True
Is 56 a factor of 18760?
True
Is 5 a factor of 6745?
True
Is 21 a factor of 2268?
True
Is 25802 a multiple of 29?
False
Is 32 a factor of 896?
True
Is 3 a factor of 140?
False
Does 85 divide 343?
False
Does 19 divide 1360?
False
Is 912 a multiple of 16?
True
Is 9 a factor of 6201?
True
Is 566 a multiple of 6?
False
Is 8569 a multiple of 126?
False
Does 10 divide 45290?
True
Is 25709 a multiple of 47?
True
Is 100 a factor of 2451?
False
Is 36504 a multiple of 351?
True
Is 16252 a multiple of 12?
False
Is 6741 a multiple of 21?
True
Is 83 a factor of 934?
False
Does 20 divide 5220?
True
Is 23 a factor of 1702?
True
Is 1363 a multiple of 47?
True
Is 9 a factor of 2873?
False
Is 4633 a multiple of 75?
False
Does 23 divide 894?
False
Does 11 divide 18678?
True
Is 213 a multiple of 2?
False
Does 36 divide 1764?
True
Does 63 divide 640?
False
Is 820 a multiple of 42?
False
Is 2665 a multiple of 65?
True
Is 656 a multiple of 82?
True
Does 13 divide 572?
True
Does 41 divide 1654?
False
Does 4 divide 2167?
False
Is 2 a factor of 85?
False
Is 2432 a multiple of 8?
True
Is 29 a factor of 2577?
False
Does 7 divide 551?
False
Does 12 divide 9829?
False
Is 680 a multiple of 48?
False
Does 33 divide 11055?
True
Does 42 divide 4631?
False
Is 7 a factor of 371?
True
Is 33 a factor of 693?
True
Does 4 divide 435?
False
Is 20 a factor of 1308?
False
Is 1913 a multiple of 21?
False
Is 10 a factor of 19007?
False
Is 1106 a multiple of 7?
True
Is 574 a multiple of 14?
True
Does 43 divide 1574?
False
Is 23 a factor of 412?
False
Does 64 divide 29726?
False
Is 7 a factor of 1694?
True
Is 5845 a multiple of 55?
False
Does 17 divide 11712?
False
Does 37 divide 10716?
False
Does 107 divide 16493?
False
Is 6 a factor of 63123?
False
Is 4 a factor of 5259?
False
Is 3 a factor of 807?
True
Does 7 divide 2317?
True
Is 83 a factor of 3666?
False
Does 5 divide 16985?
True
Is 48 a factor of 432?
True
Is 5 a factor of 445?
True
Does 13 divide 798?
False
Is 30 a factor of 3600?
True
Is 175 a multiple of 24?
False
Is 12 a factor of 2333?
False
Is 16 a factor of 960?
True
Does 87 divide 19314?
True
Is 18 a factor of 51858?
True
Does 86 divide 1462?
True
Is 30 a factor of 511?
False
Is 13 a factor of 10815?
False
Is 73 a factor of 18761?
True
Is 464 a multiple of 2?
True
Is 12 a factor of 21084?
True
Is 3525 a multiple of 4?
False
Does 55 divide 874?
False
Is 3132 a multiple of 36?
True
Is 637 a multiple of 48?
False
Is 58 a factor of 522?
True
Is 1076 a multiple of 25?
False
Is 31 a factor of 980?
False
Is 453 a multiple of 3?
True
Does 146 divide 15914?
True
Is 32 a factor of 38336?
True
Does 112 divide 18928?
True
Is 141 a factor of 8609?
False
Is 81 a multiple of 6?
False
Is 51 a factor of 17646?
True
Is 28 a factor of 2641?
False
Does 6 divide 3450?
True
Is 43 a factor of 1118?
True
Does 15 divide 4605?
True
Is 2493 a multiple of 92?
False
Does 51 divide 8978?
False
Does 11 divide 12108?
False
Does 7 divide 271?
False
Is 9 a factor of 30173?
False
Does 190 divide 2829?
False
Is 513 a multiple of 19?
True
Does 3 divide 157?
False
Is 16 a factor of 80?
True
Is 118 a factor of 6436?
False
Does 25 divide 1375?
True
Is 27 a factor of 3991?
False
Does 78 divide 26052?
True
Is 3383 a multiple of 22?
False
Is 973 a multiple of 7?
True
Is 27 a factor of 9396?
True
Is 6956 a multiple of 12?
False
Is 88 a multiple of 4?
True
Is 65 a factor of 3936?
False
Is 23 a factor of 5442?
False
Is 316 a multiple of 19?
False
Is 1338 a multiple of 6?
True
Is 10 a factor of 8725?
False
Does 196 divide 42924?
True
Does 65 divide 1365?
True
Is 1872 a multiple of 16?
True
Is 8196 a multiple of 108?
False
Does 110 divide 21224?
False
Does 154 divide 6912?
False
Does 16 divide 25872?
True
Does 23 divide 1249?
False
Is 236 a multiple of 3?
False
Does 7 divide 1393?
True
Is 19 a factor of 2812?
True
Is 21 a factor of 8033?
False
Is 33 a factor of 2871?
True
Is 8 a factor of 56?
True
Does 39 divide 78?
True
Does 258 divide 31476?
True
Is 6 a factor of 793?
False
Is 60801 a multiple of 27?
False
Is 2204 a multiple of 32?
False
Is 110 a factor of 33220?
True
Is 3 a factor of 2373?
True
Does 27 divide 1755?
True
Does 64 divide 9099?
False
Does 16 divide 14176?
True
Is 25012 a multiple of 22?
False
Does 23 divide 14122?
True
Is 2244 a multiple of 34?
True
Is 2700 a multiple of 54?
True
Is 720 even?
True
Is 83 a factor of 15350?
False
Is 8 a factor of 3544?
True
Is 256 a factor of 35840?
True
Does 10 divide 81?
False
Does 20 divide 1560?
True
Is 13 a factor of 8814?
True
Is 591 a multiple of 41?
False
Is 32 a factor of 935?
False
Is 22 a factor of 9525?
False
Is 25 a factor of 24989?
False
Is 36 a factor of 396?
True
Does 6 divide 630?
True
Is 697 a multiple of 28?
False
Is 574 a multiple of 2?
True
Is 8157 a multiple of 13?
False
Is 25 a factor of 380?
False
Does 69 divide 7797?
True
Is 1592 a multiple of 12?
False
Is 9 a factor of 472?
False
Does 214 divide 68079?
False
Is 8 a factor of 215?
False
Is 44 a factor of 6644?
True
Is 570 a multiple of 6?
True
Does 64 divide 2680?
False
Is 16 a factor of 4610?
False
Does 12 divide 2712?
True
Does 100 divide 8200?
True
Is 230 a multiple of 46?
True
Does 23 divide 3036?
True
Is 30 a factor of 690?
True
Is 22 a factor of 30658?
False
Does 7 divide 226?
False
Is 232 a multiple of 8?
True
Is 172 a multiple of 7?
False
Is 16 a factor of 124?
False
Is 43 a factor of 4085?
True
Is 169 a factor of 8967?
False
Is 18 a factor of 3310?
False
Does 4 divide 368?
True
Is 55 a factor of 6811?
False
Does 13 divide 612?
False
Does 16 divide 128?
True
Is 4295 a multiple of 51?
False
Is 37014 a multiple of 21?
False
Is 4 a factor of 152?
True
Does 15 divide 154680?
True
Does 11 divide 352?
True
Is 5785 a multiple of 13?
True
Does 55 divide 1650?
True
Is 12 a factor of 2685?
False
Does 33 divide 3219?
False
Does 22 divide 6248?
True
Is 4384 a multiple of 8?
True
Is 112812 a multiple of 119?
True
Does 172 divide 43516?
True
Is 42880 a multiple of 10?
True
Is 24 a factor of 226?
False
Is 7 a factor of 10834?
False
Is 38 a factor of 1634?
True
Is 70 a factor of 2594?
False
Is 2046 a multiple of 70?
False
Is 6 a factor of 15662?
False
Is 2949 a multiple of 8?
False
Is 2133 a multiple of 15?
False
Is 19 a factor of 409?
False
Does 24 divide 2688?
True
Is 38 a multiple of 18?
False
Is 1288 a multiple of 23?
True
Is 3 a factor of 182?
False
Does 20 divide 480?
True
Is 1053 a multiple of 17?
False
Is 10 a factor of 5580?
True
Does 75 divide 1725?
True
Is 64 a factor of 448?
True
Is 12900 a multiple of 50?
True
Is 9 a factor of 47?
False
Is 25 a multiple of 3?
False
Does 16 divide 12928?
True
Is 4002 a multiple of 23?
True
Is 3542 a multiple of 23?
True
Does 147 divide 12936?
True
Is 8385 a multiple of 13?
True
Is 2 a factor of 171?
False
Is 37 a factor of 702?
False
Does 11 divide 2442?
True
Is 412 a multiple of 12?
False
Is 28 a factor of 1923?
False
Is 5002 a multiple of 39?
False
Is 76 a factor of 3876?
True
Does 127 divide 8636?
True
Is 2411 a multiple of 27?
False
Is 11 a factor of 121?
True
Is 1405 a multiple of 52?
False
Is 3795 a multiple of 11?
True
Does 84 divide 105?
False
Does 67 divide 15544?
True
Is 17256 a multiple of 54?
False
Does 2 divide 2672?
True
Does 40 divide 16800?
True
Does 12 divide 11310?
False
Is 21 a factor of 3241?
False
Is 374 a multiple of 34?
True
Is 16 a factor of 1392?
True
Is 102 a factor of 1632?
True
Does 119 divide 12335?
False
Is 9 a factor of 124?
False
Is 9 a factor of 2385?
True
Is 9 a factor of 3939?
False
Does 10 divide 615?
False
Is 12542 a multiple of 117?
False
Does 16 divide 368?
Tru